{"id":131,"date":"2017-07-27T13:49:19","date_gmt":"2017-07-27T11:49:19","guid":{"rendered":"http:\/\/pau.saske.sk\/helm\/?page_id=131"},"modified":"2024-06-28T10:30:15","modified_gmt":"2024-06-28T08:30:15","slug":"editors","status":"publish","type":"page","link":"https:\/\/pau.saske.sk\/helm\/editors\/","title":{"rendered":""},"content":{"rendered":"<div id=\"pl-131\"  class=\"panel-layout\" ><div id=\"pg-131-0\"  class=\"panel-grid panel-no-style\" ><div id=\"pgc-131-0-0\"  class=\"panel-grid-cell\" ><div id=\"panel-131-0-0-0\" class=\"so-panel widget widget_custom-menu-wizard widget_custom_menu_wizard panel-first-child\" data-index=\"0\" ><div class=\"menu-about-menu-container\"><ul id=\"menu-about-menu\" class=\"menu-widget  \" data-cmwv=\"3.3.0\" data-cmws='{&quot;menu&quot;:3}'><li id=\"menu-item-169\" class=\"menu-item menu-item-type-post_type menu-item-object-page cmw-level-1 menu-item-169\"><a href=\"https:\/\/pau.saske.sk\/helm\/editors\/\">Editorial Board<\/a><\/li>\n<li id=\"menu-item-193\" class=\"menu-item menu-item-type-post_type menu-item-object-page cmw-level-1 menu-item-193\"><a href=\"https:\/\/pau.saske.sk\/helm\/contact\/\">Contact<\/a><\/li>\n<\/ul><\/div><\/div><div id=\"panel-131-0-0-1\" class=\"so-panel widget widget_sow-editor panel-last-child\" data-index=\"1\" ><div\n\t\t\t\n\t\t\tclass=\"so-widget-sow-editor so-widget-sow-editor-base\"\n\t\t\t\n\t\t>\n<div class=\"siteorigin-widget-tinymce textwidget\">\n\t<h4>Editor-in-Chief<\/h4>\n<p><a style=\"color: inherit; font-weight: normal;\" href=\"http:\/\/pau.saske.sk\/staff-list\/soltys\/\" target=\"_blank\" rel=\"noopener\">Jind\u0159ich \u0160oltys<\/a><\/p>\n<h4>Managing Editor:<\/h4>\n<p><a style=\"color: inherit; font-weight: normal;\" href=\"http:\/\/pau.saske.sk\/staff-list\/vasilkova\/\" target=\"_blank\" rel=\"noopener\">Zuzana Vasilkov\u00e1<\/a><\/p>\n<\/div>\n<\/div><\/div><\/div><\/div><div id=\"pg-131-1\"  class=\"panel-grid panel-no-style\" ><div id=\"pgc-131-1-0\"  class=\"panel-grid-cell\" ><div id=\"panel-131-1-0-0\" class=\"so-panel widget widget_sow-editor panel-first-child\" data-index=\"2\" ><div\n\t\t\t\n\t\t\tclass=\"so-widget-sow-editor so-widget-sow-editor-base\"\n\t\t\t\n\t\t>\n<div class=\"siteorigin-widget-tinymce textwidget\">\n\t<h4>Members:<\/h4>\n<table style=\"font-size: 80%; border: 0; width: 100%; align: center;\">\n<tbody>\n<tr>\n<td>Chris Arme (UK)<\/td>\n<td>Herbert Auer (Austria)<\/td>\n<td>Pascal Boireau (France)<\/td>\n<td>W\u0142adis\u0142aw Cabaj (Poland)<\/td>\n<\/tr>\n<tr>\n<td>David Bruce Conn (USA)<\/td>\n<td>Vasile Cozma (Romania)<\/td>\n<td>Thomas Cribb (Australia)<\/td>\n<td>L\u00fddia \u010cisl\u00e1kov\u00e1 (SR)<\/td>\n<\/tr>\n<tr>\n<td>Em\u00edlia Dvoro\u017e\u0148\u00e1kov\u00e1 (SR)<\/td>\n<td>Serdar D\u00fc\u015fen (Turkey)<\/td>\n<td>R\u00f3bert Farkas (Hungary)<\/td>\n<td>David I. Gibson (UK)<\/td>\n<\/tr>\n<tr>\n<td>Bruno Gottstein (Switzerland)<\/td>\n<td>Celia Holland (Ireland)<\/td>\n<td>Gabriela Hr\u010dkov\u00e1 (SR)<\/td>\n<td>Liang Li (P. R. China)<\/td>\n<\/tr>\n<tr>\n<td>Jean-Lou Justine (France)<\/td>\n<td>Tetiana Kuzmina (Ukraine)<\/td>\n<td>Santiago Mas-Coma (Spain)<\/td>\n<td>Simonetta Mattiucci (Italy)<\/td>\n<\/tr>\n<tr>\n<td>Heinz Melhorn (Germany)<\/td>\n<td>Martina Miterp\u00e1kov\u00e1 (SR)<\/td>\n<td>Franti\u0161ek Moravec (CzR)<\/td>\n<td>Peter D. Olson (UK)<\/td>\n<\/tr>\n<tr>\n<td>Franti\u0161ek Ondriska (SR)<\/td>\n<td>Mikul\u00e1\u0161 Oros (SR)<\/td>\n<td>Saulius Petkevi\u010dius (Lithuania)<\/td>\n<td>Steffen Rehbein (Germany)<\/td>\n<\/tr>\n<tr>\n<td>Marek Ren\u010do (SR)<\/td>\n<td>Alexis Ribas (Spain, Thailand)<\/td>\n<td>David Rollinson (UK)<\/td>\n<td>Thomas Romig (Germany)<\/td>\n<\/tr>\n<tr>\n<td>Viliam \u0160n\u00e1bel (SR)<\/td>\n<td>Kensuke Taira (Japan)<\/td>\n<td>Nadezhda B. Terenina (Russia)<\/td>\n<td>Vasyl V. Tkach (USA)<\/td>\n<\/tr>\n<tr>\n<td>Mari\u00e1n V\u00e1rady (SR)<\/td>\n<td>Vincenzo Veneziano (Italy)<\/td>\n<td>Nicola Vovlas (Italy)<\/td>\n<td>Matt Wayland (UK)<\/td>\n<\/tr>\n<tr>\n<td>Max Werneck (Brazil)<\/td>\n<td><\/td>\n<td><\/td>\n<td><\/td>\n<\/tr>\n<\/tbody>\n<\/table>\n<\/div>\n<\/div><\/div><div id=\"panel-131-1-0-1\" class=\"so-panel widget widget_sow-editor panel-last-child\" data-index=\"3\" ><div\n\t\t\t\n\t\t\tclass=\"so-widget-sow-editor so-widget-sow-editor-base\"\n\t\t\t\n\t\t>\n<div class=\"siteorigin-widget-tinymce textwidget\">\n\t<p>\u00a0<\/p>\n<p>\u00a0<\/p>\n<p>\u00a0<\/p>\n<p>\u00a0<\/p>\n<\/div>\n<\/div><\/div><\/div><\/div><\/div>","protected":false},"excerpt":{"rendered":"<p>Editor-in-Chief Jind\u0159ich \u0160oltys Managing Editor: Zuzana Vasilkov\u00e1 Members: Chris Arme (UK) Herbert Auer (Austria) Pascal Boireau (France) W\u0142adis\u0142aw Cabaj (Poland) David Bruce Conn (USA) Vasile Cozma (Romania) Thomas Cribb (Australia) L\u00fddia \u010cisl\u00e1kov\u00e1 (SR) Em\u00edlia Dvoro\u017e\u0148\u00e1kov\u00e1 (SR) Serdar D\u00fc\u015fen (Turkey) R\u00f3bert &hellip; <a href=\"https:\/\/pau.saske.sk\/helm\/editors\/\">Continue reading <span class=\"meta-nav\">&rarr;<\/span><\/a><\/p>\n","protected":false},"author":1,"featured_media":0,"parent":0,"menu_order":0,"comment_status":"closed","ping_status":"open","template":"","meta":{"ngg_post_thumbnail":0,"footnotes":""},"folder":[4],"class_list":["post-131","page","type-page","status-publish","hentry"],"aioseo_notices":[],"_links":{"self":[{"href":"https:\/\/pau.saske.sk\/helm\/wp-json\/wp\/v2\/pages\/131","targetHints":{"allow":["GET"]}}],"collection":[{"href":"https:\/\/pau.saske.sk\/helm\/wp-json\/wp\/v2\/pages"}],"about":[{"href":"https:\/\/pau.saske.sk\/helm\/wp-json\/wp\/v2\/types\/page"}],"author":[{"embeddable":true,"href":"https:\/\/pau.saske.sk\/helm\/wp-json\/wp\/v2\/users\/1"}],"replies":[{"embeddable":true,"href":"https:\/\/pau.saske.sk\/helm\/wp-json\/wp\/v2\/comments?post=131"}],"version-history":[{"count":78,"href":"https:\/\/pau.saske.sk\/helm\/wp-json\/wp\/v2\/pages\/131\/revisions"}],"predecessor-version":[{"id":994,"href":"https:\/\/pau.saske.sk\/helm\/wp-json\/wp\/v2\/pages\/131\/revisions\/994"}],"wp:attachment":[{"href":"https:\/\/pau.saske.sk\/helm\/wp-json\/wp\/v2\/media?parent=131"}],"wp:term":[{"taxonomy":"folder","embeddable":true,"href":"https:\/\/pau.saske.sk\/helm\/wp-json\/wp\/v2\/folder?post=131"}],"curies":[{"name":"wp","href":"https:\/\/api.w.org\/{rel}","templated":true}]}}